ided by s.
12
Suppose 0*t = 2*t + 76. Let k = 75 + t. Calculate the remainder when k is divided by 8.
5
Suppose 0 = -7*d - 3 + 269. Calculate the remainder when d is divided by 20.
18
Let p = -8 + 13. Let i be (-6)/(-3)*3/3. Suppose -i*f = -5*a + 21, 3*a - f = -3*f + 3. What is the remainder when p is divided by a?
2
Let y = 39 + 18. Let s = 83 - y. What is the remainder when s is divided by 14?
12
Suppose 6*v = 7*v - 16. Calculate the remainder when 31 is divided by v.
15
Suppose -6*y = -y - 25. What is the remainder when ((-4)/(-1) - 0) + 4 is divided by y?
3
Let s = 29 - 16. What is the remainder when s is divided by (2/(-3))/((-6)/45)?
3
Let i = -17 + 17. Suppose i = 3*k - 6*k + 84. What is the remainder when k is divided by 15?
13
Let t(z) = 2*z + 51. What is the remainder when t(-7) is divided by 21?
16
Suppose -4 = 2*z, 5*y + 4 = 3*y + 4*z. What is the remainder when (13 + y)/((-1)/(-8)) is divided by 19?
18
Suppose -p + 28 = 3*p. Calculate the remainder when p is divided by 5.
2
Suppose 25 = 4*y - 5*w, -4*y + 3*w = -0*y - 31. Suppose -4*u = -2*i + 6, -3*i + 2*u + y = -3*u. Calculate the remainder when 400/30 + (-4)/(-6) is divided by i.
4
Suppose 0 = 2*u - 16 - 2. Let f(j) = j**2 + 11*j + 11. Let x be f(-10). Let g = 15 + x. Calculate the remainder when g is divided by u.
7
Let c(n) = -n**3 - 2*n**2 + n + 2. Calculate the remainder when (9/6)/((-3)/(-28)) is divided by c(-3).
6
Let w(x) = -x**3 - 2*x**2 - x + 1. Let d(g) = -2*g + 6. Let a be d(4). Calculate the remainder when 7 is divided by w(a).
1
Suppose -4*z + 2*z + 6 = 0. Suppose 2*d + z*b + 2*b = 26, 5*d + 5*b = 35. Calculate the remainder when 4 is divided by d.
1
Let t = -51 - -64. Calculate the remainder when 13 is divided by t.
0
Suppose -n - 3*k = -2*n + 56, -224 = -4*n - 5*k. Let y = -30 + n. Let m(v) = 3*v - 4. What is the remainder when y is divided by m(6)?
12
Let d(c) = c**3 - 11*c**2 - 15*c - 8. Let w be d(14). Suppose 4*v + 5*m = -107 + w, -77 = -v + m. Calculate the remainder when v is divided by 25.
22
Suppose k + k = 22. Suppose -s + 5*u = u + 4, -u = s - k. What is the remainder when 14 is divided by s?
6
Let f(q) = -10*q**3 - 3*q**2 - 3*q. Calculate the remainder when 47 is divided by f(-1).
7
Let o = 25 + -17. What is the remainder when 58/(-6)*24/(-8) is divided by o?
5
Let t(y) = -y**3 + 6*y**2 + 3*y + 3. Let s = -119 - -130. What is the remainder when t(6) is divided by s?
10
Suppose 0*y - 3*y + 51 = 0. Let b = y - 3. What is the remainder when 25 is divided by b?
11
Suppose 97 - 7 = 5*h. What is the remainder when 52 is divided by h?
16
Suppose 4*n - 17 = 3*u, 5*u + 3*n = 8*n - 20. Let x = -2 - -3. Let d = 0 + x. What is the remainder when u is divided by d?
0
Suppose 4*i + 4*s = 14 + 14, 2*i + 5*s = -1. Calculate the remainder when 34 is divided by i.
10
Let p = -26 - -40. Suppose 5*c = 145 + 55. Calculate the remainder when c is divided by p.
12
Let x(r) = -r + 2. Let j(l) = l**3 - 10*l**2 - 13*l + 13. Let s be j(11). Calculate the remainder when 29 is divided by x(s).
7
Suppose 5*p + 2*d = -3*d - 90, -4*p - 5*d - 69 = 0. Calculate the remainder when 33 is divided by (-3)/(-2)*(-238)/p.
16
Let o(m) = m**2 + 3*m + 2. Let r be o(-4). Let y = r - 10. What is the remainder when -14*6/y + -1 is divided by 11?
9
Suppose 0 = 2*s - 0*s - 88. Let p(a) = 24*a - 1. Let j be -1 - (1 + -3)/1. Calculate the remainder when s is divided by p(j).
21
Let z = 86 + -79. What is the remainder when 26 is divided by z?
5
Suppose -5*y - 4*i + 14 = -6*y, -i = -3*y - 9. Calculate the remainder when 21 is divided by (-24 + 0)*y/6.
5
Let d be 14/6 + 4/6. Suppose 0 = -3*w - t + 98, 182 = 5*w - 6*t + d*t. Let g = -1493 + 1505. Calculate the remainder when w is divided by g.
10
Let x(t) = -8*t - 10. Calculate the remainder when x(-13) is divided by 24.
22
Suppose -3*a = 4*k - 18, -3*a + 2*k = -2*a + 4. Calculate the remainder when 2 is divided by a.
0
Suppose -25 - 20 = -5*a. Calculate the remainder when 2 + -10 + 36 + -12 is divided by a.
7
Suppose g + 2 = -a - 4*g, 3*g + 3 = 0. Let o(d) = d + 1. Suppose 0*t + t + i + 1 = 0, -i - 2 = 0. What is the remainder when a is divided by o(t)?
1
Suppose 0 = 6*w - 5*w + 6. Suppose -32 - 31 = -3*i. What is the remainder when i is divided by (-20)/(-3) - (-4)/w?
3
Suppose s + 46 = 3*s - 2*v, -4*s - v + 92 = 0. What is the remainder when s is divided by 6?
5
Let n = -12 - -17. Let k = 7 - n. What is the remainder when 4 is divided by k?
0
Let z(d) = d + 3. Let k be z(3). Let o = 12 - k. Calculate the remainder when o is divided by 3.
0
What is the remainder when 20 is divided by (4/6)/((-6)/(-63))?
6
Let r = 768 + -204. What is the remainder when (1/(-2))/((-6)/r) is divided by 16?
15
Suppose 0 = 2*j + 15 - 49. Calculate the remainder when 46 is divided by j.
12
Let g(x) = -x**2 + 5*x + 6. Let w be g(5). Let c = 9 - w. What is the remainder when c is divided by (-2)/3*(-2 - 1)?
1
Suppose -5*i - 10 = -10*i. Suppose -4*r = 6*o - i*o + 24, 0 = r + 1. Let w(c) = -c**2 - 7*c + 2. Calculate the remainder when 22 is divided by w(o).
10
Let j(t) = -t**3 - 6*t**2 - 10. Suppose -3*z - z = 28. Let h be j(z). Suppose 0*o - h = -3*o. What is the remainder when 37 is divided by o?
11
Let c = -7 + 17. What is the remainder when 15 is divided by c?
5
Let g = 102 - 35. Let b = -48 + g. Let l(z) = -z + 5. Calculate the remainder when b is divided by l(-5).
9
Suppose 4*l - 10 = 2*l. Suppose 40 = l*q - 275. What is the remainder when q is divided by 13?
11
Suppose -3*q - 3*v + 282 = 0, -20 = 3*v + 2*v. Calculate the remainder when q is divided by 20.
18
Let d = 585 + -409. What is the remainder when d is divided by 15?
11
Suppose -19*o + 66 = -16*o. Calculate the remainder when 87 is divided by o.
21
Suppose 116 = -0*m + 4*m. Suppose -m = -2*x + 3. Suppose -t + 0*t = -x. What is the remainder when t is divided by 9?
7
Suppose -4*y = -5*y - 13. Let x = 33 + y. Calculate the remainder when x is divided by (-2)/(-6) + (-80)/(-12).
6
Let i(j) = j**3 + 6*j**2 + 4*j + 7. What is the remainder when 45 is divided by i(-5)?
9
What is the remainder when 68 is divided by -25*((-28)/5 - -5)?
8
Suppose u + 11 = 5*o - u, 5*o - 4*u - 7 = 0. Suppose 17 = o*l - 16. What is the remainder when l is divided by 4?
3
Let a be 6/(-12)*(0 - 14). Let q(u) = 6*u. Let h be q(a). Suppose 0 = z + z - h. What is the remainder when z is divided by 6?
3
Let m(h) = h + 14. Let i be m(7). Let v = i - 8. What is the remainder when 50 is divided by v?
11
Suppose -c = 2*c. Suppose 5*t + 20 = c, -z + 3*t + 17 = 2. Calculate the remainder when 4 is divided by z.
1
Let v(r) = -r**3 - 3*r**2. Let k = 15 - 6. What is the remainder when v(-4) is divided by k?
7
Let l(p) = -p**2 + 12*p - 7. Let v = -11 - -18. Calculate the remainder when l(v) is divided by 15.
13
Let z(b) = -b**2 - 6*b + 4. Let h be z(-6). Suppose 2 = h*n - 6. What is the remainder when 2 is divided by n?
0
Let v(f) be the second derivative of f**3/3 - 7*f**2/2 + 5*f. Calculate the remainder when 24 is divided by v(7).
3
Suppose -8*f = -44 - 4. What is the remainder when 9 is divided by f?
3
Let s = 2 - 0. Suppose l = 5*q - 2*l - 363, 5*q - 379 = -l. What is the remainder when q/20 - (-1)/4 is divided by s?
0
Let g(k) = k**2 - 3*k - 6. What is the remainder when 18 is divided by g(5)?
2
Let d = 10 + -5. Calculate the remainder when d is divided by 2.
1
Suppose 7*r - 49 = -0*r. Calculate the remainder when 73 is divided by r.
3
What is the remainder when 91 is divided by (46/8)/((-3)/(-24))?
45
Let l = -36 + 51. Let s(c) = -2*c + 20. Calculate the remainder when s(-11) is divided by l.
12
What is the remainder when 43 is divided by ((-105)/28)/((-2)/8)?
13
Suppose -5 = 5*o + 3*p, -o - 4*p + 4 = 22. Let m be -2*o/4 - -2. Suppose -2*s = -u, -3*u - 4*s + m + 19 = 0. Calculate the remainder when 6 is divided by u.
2
Let w = -3 + 2. Let a = 10 + 37. Calculate the remainder when a is divided by 10 + (-2 + 3 - w).
11
Suppose p + 40 = 6*p. Let h(b) = -b**3 + 9*b**2 - 7*b - 3. Calculate the remainder when 22 is divided by h(p).
2
Suppose 0 = 13*z - 891 - 58. Calculate the remainder when z is divided by (-73)/(-5) + (-4)/(-10).
13
Suppose 2*w + 48 = 4*w. What is the remainder when 94 is divided by w?
22
Let s(f) = -7*f**3 - 4*f - 3. Let l be s(-2). S